{"id":2146,"date":"2024-05-08T16:28:38","date_gmt":"2024-05-08T16:28:38","guid":{"rendered":"https:\/\/dhalmi.com\/?post_type=product&#038;p=2146"},"modified":"2025-12-26T19:06:37","modified_gmt":"2025-12-26T19:06:37","slug":"especial","status":"publish","type":"product","link":"https:\/\/dhalmi.com\/index.php\/producto\/especial\/","title":{"rendered":"Especial"},"content":{"rendered":"","protected":false},"excerpt":{"rendered":"<p><strong>\u00a1EL MEJOR REGALO PARA OCASIONES ESPECIALES!<\/strong><\/p>\n<p>Puedes elegir aroma y color para tu mejor regalo. Tendr\u00e1 una linda decoraci\u00f3n de margaritas, rosas o corazones. Y puedes personalizarla con una frase oculta que se revelar\u00e1 cada vez que se encienda.<\/p>\n<ul>\n<li>Vela arom\u00e1tica contenida en envase de cer\u00e1mica, hecha por manos colombianas de forma artesanal.<\/li>\n<li>Cera 100% vegetal, dura 3 veces m\u00e1s que una vela convencional, no son toxicas, no contaminan, amigable con el medio ambiente.<\/li>\n<li>Contenedor cer\u00e1mico reutilizable, horneado a 1.200 grados y esmaltado (libre de plomo) para ser usado como elemento utilitario luego de consumirse la vela.<\/li>\n<\/ul>\n<p>Escr\u00edbenos si quieres cotizar un pedido al por mayor.<\/p>\n","protected":false},"featured_media":2152,"comment_status":"open","ping_status":"closed","template":"","meta":{"om_disable_all_campaigns":false,"_monsterinsights_skip_tracking":false,"_monsterinsights_sitenote_active":false,"_monsterinsights_sitenote_note":"","_monsterinsights_sitenote_category":0,"site-sidebar-layout":"default","site-content-layout":"default","ast-main-header-display":"","ast-hfb-above-header-display":"","ast-hfb-below-header-display":"","ast-hfb-mobile-header-display":"","site-post-title":"","ast-breadcrumbs-content":"","ast-featured-img":"","footer-sml-layout":"","theme-transparent-header-meta":"default","adv-header-id-meta":"","stick-header-meta":"","header-above-stick-meta":"","header-main-stick-meta":"","header-below-stick-meta":"","_joinchat":[]},"product_cat":[31],"product_tag":[],"aioseo_notices":[],"_links":{"self":[{"href":"https:\/\/dhalmi.com\/index.php\/wp-json\/wp\/v2\/product\/2146"}],"collection":[{"href":"https:\/\/dhalmi.com\/index.php\/wp-json\/wp\/v2\/product"}],"about":[{"href":"https:\/\/dhalmi.com\/index.php\/wp-json\/wp\/v2\/types\/product"}],"replies":[{"embeddable":true,"href":"https:\/\/dhalmi.com\/index.php\/wp-json\/wp\/v2\/comments?post=2146"}],"wp:featuredmedia":[{"embeddable":true,"href":"https:\/\/dhalmi.com\/index.php\/wp-json\/wp\/v2\/media\/2152"}],"wp:attachment":[{"href":"https:\/\/dhalmi.com\/index.php\/wp-json\/wp\/v2\/media?parent=2146"}],"wp:term":[{"taxonomy":"product_cat","embeddable":true,"href":"https:\/\/dhalmi.com\/index.php\/wp-json\/wp\/v2\/product_cat?post=2146"},{"taxonomy":"product_tag","embeddable":true,"href":"https:\/\/dhalmi.com\/index.php\/wp-json\/wp\/v2\/product_tag?post=2146"}],"curies":[{"name":"wp","href":"https:\/\/api.w.org\/{rel}","templated":true}]}}